digit of p(5)?
7
Let u = -66 + 404. What is the units digit of u?
8
Suppose 5*b - f = 3 - 16, 0 = 5*b + 3*f + 1. What is the units digit of 48/(b/(-16)*6)?
4
Let d(s) = s**3 + 5*s**2 - s + 5. Suppose -2*u + 42 + 6 = 0. Suppose -2*t + 4*h = -4 + u, 2*t + 5 = -h. What is the tens digit of d(t)?
2
Suppose 10*d - 15812 - 21008 = 0. What is the tens digit of d?
8
Let g = -71 + 71. Suppose 4*r + 2*r - 174 = g. What is the tens digit of r?
2
Let d be 53 - ((-12)/(-4) + 12/(-4)). Let o = -43 + d. What is the units digit of o?
0
What is the hundreds digit of (-3*138/27)/((-6)/558)?
4
Suppose 276 = 5*v - 184. Suppose -n = u - 14 - 0, v = 4*n - 5*u. Suppose 3*q = 6 + n. What is the units digit of q?
8
Let w(t) = t**2 + 5*t + 2. Let l be w(-5). Suppose 0 = f + l, -71 = -2*a - a - 5*f. What is the tens digit of a?
2
Let i(k) = -k**3 - 4*k**2 - 1. Let r be i(-4). Let o(x) be the third derivative of -x**6/60 - x**4/24 - 8*x**2. What is the units digit of o(r)?
3
Let c(r) = -r + 6. Let v be 0/(3 + (-16)/4). Suppose v = -2*i - 2*n - 30, -4*i = -4*n + n + 46. What is the tens digit of c(i)?
1
Let v = -3682 - -8568. What is the thousands digit of v?
4
Let p = 259 - -624. What is the units digit of p?
3
Let b(x) = x**3 + 9*x**2 - 6*x - 2. Let l(q) = q**3 - 5*q**2 + 3*q - 4. Let i be l(4). Let v be b(i). What is the units digit of 4/(-6) + v/3?
6
Let a be 38/6 - 5/15. Let c be a/27 + (-25)/(-9). Suppose -164 = -5*h + g, -g = 3*h + c*g - 80. What is the tens digit of h?
3
Let t = 13 - 7. Let a(h) = 2*h + 2*h**2 - 2*h + 13 - 5*h. What is the units digit of a(t)?
5
Let p = 1715 - 968. What is the units digit of p?
7
Let l(u) = 149*u**2 + 6*u - 11. Let c(d) = 30*d**2 + d - 2. Let b(m) = 11*c(m) - 2*l(m). Suppose -t = -4 + 3. What is the tens digit of b(t)?
3
Suppose -55*g + 186083 + 7022 = 0. What is the tens digit of g?
1
Let s(f) = -5*f + 4. Let z be s(2). Let t(g) = g**2 - 3*g - 15. What is the tens digit of t(z)?
3
Let u = 2305 - 1054. What is the tens digit of u?
5
What is the hundreds digit of 48 - 47 - (-1 - -4793)/(-2)?
3
Let g = -1925 - -5403. What is the tens digit of g?
7
Suppose 15 - 39 = -6*n. Let y(x) = 10*x + 1. Let j be y(1). Suppose -4*d = -4, n*d - 3 = 2*k - j. What is the units digit of k?
6
Let u(q) = 5*q**3 - 3*q**2 - 2*q + 2. Let k be u(3). Let y = -21 + k. Suppose 2*c = -2*m + 74, 4*m = -0*c + 3*c - y. What is the units digit of c?
3
Let a be 2/(-12) - 1616/96. Let o = -20 - a. What is the tens digit of (-49)/o - (-1)/(-3)?
1
Let n be 2137 + 1*(3 - 5). Suppose 23*x + n = 28*x. Suppose x = 5*l + 147. What is the units digit of l?
6
Let o = 20 + -1. Suppose 2*p = p - 5*x + 26, 4*x = p + o. What is the units digit of p?
1
Suppose 36*v - 6986 = 22*v. What is the tens digit of v?
9
Suppose 73 - 177 = 4*h. Let a = h - -80. What is the units digit of a?
4
Let j = 371 + -86. Suppose -y - j = -4*y. What is the tens digit of y?
9
Let c = 5 + 1. Let o be (c/10)/((-2)/(-10)). Suppose 0 = -o*n + 3*x + 60 + 30, 0 = -3*n + 5*x + 88. What is the tens digit of n?
3
Let n(b) = -3*b**3 - 3*b**2 + b - 1. Let j be n(2). Let p be (-21)/j + (-394)/(-10). What is the tens digit of 1 - (-4 - (1 + p))?
4
Suppose -s = 5*d - 3426, -2*s - 921 + 3663 = 4*d. What is the tens digit of d?
8
Let a = 16 + 71. Suppose 3*d + 6 = a. What is the units digit of d?
7
Suppose 598368 = 39*c + 53*c. What is the units digit of c?
4
Let s be (-243)/(-21) - (-9)/21. Let y be ((-60)/9 + 4)*6. What is the units digit of (y/s)/(3/(-9))?
4
Suppose -2*u = -2, 4254 + 7315 = 2*c + u. What is the tens digit of c?
8
Let p = -1 - -1. Let a(g) = 4*g - 61. Let u be a(17). Suppose -s + u = 4*m - p*s, 3*m - 1 = -5*s. What is the units digit of m?
2
Suppose a - 2*f = 0, 5*a = 3*f - 2*f + 9. Suppose 0 = -2*d + n + 143, -3*n + n - 144 = -a*d. What is the units digit of d?
1
Let j(h) = 42*h**2 - 3*h + 33. Let y be j(-7). Suppose 528 = -6*x + y. What is the hundreds digit of x?
2
Let a = 291 + -168. Let p = 10 + a. What is the hundreds digit of p?
1
Let n(w) = 7*w**2 - 2*w + 1. Let d be n(1). What is the tens digit of (-315)/(-14)*20/d?
7
Let r = -17 - -20. Suppose -r*d = -2*h + 8, -2*h = -5*d + 2*h - 14. Let j(m) = -19*m - 5. What is the units digit of j(d)?
3
Suppose 5*q - 1149 = -p + 249, -2*q = -2*p + 2760. What is the thousands digit of p?
1
Let k be -9*-28*4/12. Suppose -t - k = -5*t. What is the tens digit of t?
2
Suppose 72 - 3 = 3*u. Let w(z) = -z**3 - 3*z**2 - z - 4. Let m be w(-3). Let i = m + u. What is the tens digit of i?
2
Suppose 78*k - 64142 = 52*k. What is the tens digit of k?
6
Let x = -66 - 9. What is the hundreds digit of (-818)/(-5) - 30/x?
1
Let g(d) = d**3 - 9*d**2 - 10*d + 2. Let r = -33 - -18. Let f = r - -25. What is the units digit of g(f)?
2
Suppose 27*r - 9287 = 26164. What is the units digit of r?
3
Suppose 5*p + 9 + 6 = 0. What is the units digit of (-50)/p - 2/3?
6
Suppose 16 = w + 11. Suppose a + 5*l = -a + 118, -w*a = -4*l - 361. What is the units digit of a?
9
Let f(c) be the first derivative of 7*c - 2*c**3 - 7/2*c**2 + 11 - 1/4*c**4. What is the units digit of f(-6)?
9
Suppose 0 = -32*l + 44*l - 10992. What is the hundreds digit of l?
9
Let f(u) be the second derivative of 1/20*u**5 - 7/12*u**4 + 3/2*u**3 + 0 - 3/2*u**2 + 5*u. What is the tens digit of f(6)?
1
Let s = -15 - -23. Suppose -s*p + 7*p + 42 = 0. What is the units digit of p?
2
Suppose 0 = -5*u + 42 - 37. What is the hundreds digit of (0 + u - 15)*(-1640)/80?
2
Let a = -526 + 805. What is the hundreds digit of a?
2
Let r be 18/3 + (2 - 5). Suppose 4*p - 3*o - r = -0, -5*p + 3*o + 3 = 0. Suppose 3*q - 265 = -q + 5*h, -q + h + 65 = p. What is the tens digit of q?
6
Let n(a) = 19*a**3 + 2*a**2 + 5*a + 21. What is the hundreds digit of n(3)?
5
Suppose -126*w = -140*w + 826. What is the tens digit of w?
5
Let c(b) = b**3 + 2*b**2 + 2*b - 1. Let s be c(-3). What is the units digit of 1/(4/s) + (1 - -97)?
4
Let z(x) = -x**3 + 7*x**2 - 5*x - 7. Let r(p) = -1 + 7*p**3 + p - 2*p**3 - 1 + 5*p**2 - 4*p**2. Let o be r(1). What is the units digit of z(o)?
8
Let d(c) = -1511*c - 449. What is the units digit of d(-4)?
5
Let w(h) = -h + 1. Let u(f) = -f**2 - 7*f + 15. Let l(o) = u(o) + 4*w(o). What is the units digit of l(-12)?
7
Let r = 350 + 280. What is the tens digit of r?
3
Let w be ((-1125)/(-6))/((-9)/(-24)). What is the hundreds digit of w/6*(-24)/(-20)?
1
Suppose -2682 = -4*o - 3*w, w - 26 + 24 = 0. What is the units digit of o?
9
Let w = -604 + 887. What is the units digit of w?
3
Suppose 5*z = -3*x + 1603, 3*x + 0*z - 1585 = 4*z. What is the units digit of x?
1
Suppose -632 = -24*i + 1216. What is the units digit of i?
7
Let d(z) = 44*z**2 + 11*z - 6. What is the tens digit of d(3)?
2
Suppose -q - x = -19, 0 = 5*q - x - 65 - 54. Suppose 4*y + z - 98 = 0, 4*y = 5*y + z - q. What is the units digit of y?
5
Let p = 266 - 101. Suppose -4*o + o + p = 0. What is the units digit of o?
5
Suppose 10 = -t + 6. Let b(g) = -31*g - 6. What is the tens digit of b(t)?
1
Suppose 4*w = r - 75, 4*w = 2*r - 18 - 112. Let h = r + -1. What is the tens digit of h?
5
Suppose 0 = -2*p - 3*z + 858, 2*p - 4*z = -258 + 1102. Suppose -2*c + 289 = -3*o, 3*c - 3*o + o - p = 0. What is the tens digit of c?
4
Let p(k) = 17*k**2 + 19*k + 176. What is the tens digit of p(-11)?
2
Let a be (-2)/(-9) - 727/(-9). Suppose 68 = -2*m - 16. Let b = a + m. What is the units digit of b?
9
What is the units digit of -2*((-26728)/16 - -9)?
3
Let t be (0 - -1)*(3 - 1). Suppose -3*h = -12, -15 = -j - 5*h + 15. Suppose t*u = -8, -u + 1 = 3*m - j. What is the units digit of m?
5
Suppose -4*n - 18 = 3*w + 2*w, 0 = 3*w + 6. Let p(j) = -21*j + 1. What is the units digit of p(n)?
3
Let b(s) = -s - 17. Let u be b(-14). Let t = 7 + u. Suppose -v - 19 = -5*q, -v + t*q + 4 = 3*v. What is the units digit of v?
6
Let l(h) = 67*h + 37. What is the hundreds digit of l(3)?
2
Let x(i) = -15*i + 30. Let w(n) = -30*n + 59. Let v(b) = 4*w(b) - 7*x(b). What is the units digit of v(-6)?
6
Let g = 78 + 63. What is the units digit of g?
1
What is the thousands digit of 3/6*3578 + 2?
1
Let d = -5135 + 7487. What is the thousands digit of d?
2
Let h = -1263 - -2678. What is the units digit of h?
5
Let c = 8 + -6. Let m be -1 + 8/c - -70. Let y = -42 + m. What is the tens digit of y?
3